[INFO] cloning repository https://github.com/Veids/leaks-suite
[INFO] running `Command { std: "git" "-c" "credential.helper=" "-c" "credential.helper=/workspace/cargo-home/bin/git-credential-null" "clone" "--bare" "https://github.com/Veids/leaks-suite" "/workspace/cache/git-repos/https%3A%2F%2Fgithub.com%2FVeids%2Fleaks-suite", kill_on_drop: false }`
[INFO] [stderr] Cloning into bare repository '/workspace/cache/git-repos/https%3A%2F%2Fgithub.com%2FVeids%2Fleaks-suite'...
[INFO] running `Command { std: "git" "rev-parse" "HEAD", kill_on_drop: false }`
[INFO] [stdout] eab00d3beaed83a0bd2bedcf04da5f8da0983ec9
[INFO] checking Veids/leaks-suite against master#9610dfe5a9a731ced1ea4923ecbd0c57fe367898 for beta-170-4
[INFO] running `Command { std: "git" "clone" "/workspace/cache/git-repos/https%3A%2F%2Fgithub.com%2FVeids%2Fleaks-suite" "/workspace/builds/worker-5-tc1/source", kill_on_drop: false }`
[INFO] [stderr] Cloning into '/workspace/builds/worker-5-tc1/source'...
[INFO] [stderr] done.
[INFO] validating manifest of git repo https://github.com/Veids/leaks-suite on toolchain 9610dfe5a9a731ced1ea4923ecbd0c57fe367898
[INFO] running `Command { std: CARGO_HOME="/workspace/cargo-home" RUSTUP_HOME="/workspace/rustup-home" "/workspace/cargo-home/bin/cargo" "+9610dfe5a9a731ced1ea4923ecbd0c57fe367898" "metadata" "--manifest-path" "Cargo.toml" "--no-deps", kill_on_drop: false }`
[INFO] started tweaking git repo https://github.com/Veids/leaks-suite
[INFO] finished tweaking git repo https://github.com/Veids/leaks-suite
[INFO] tweaked toml for git repo https://github.com/Veids/leaks-suite written to /workspace/builds/worker-5-tc1/source/Cargo.toml
[INFO] crate git repo https://github.com/Veids/leaks-suite already has a lockfile, it will not be regenerated
[INFO] running `Command { std: CARGO_HOME="/workspace/cargo-home" RUSTUP_HOME="/workspace/rustup-home" "/workspace/cargo-home/bin/cargo" "+9610dfe5a9a731ced1ea4923ecbd0c57fe367898" "fetch" "--manifest-path" "Cargo.toml", kill_on_drop: false }`
[INFO] [stderr]     Updating crates.io index
[INFO] [stderr]  Downloading crates ...
[INFO] [stderr]   Downloaded teloxide-macros v0.7.0
[INFO] [stderr]   Downloaded takecell v0.1.1
[INFO] [stderr]   Downloaded rc-box v1.2.0
[INFO] [stderr]   Downloaded infer v0.9.0
[INFO] [stderr]   Downloaded dptree v0.3.0
[INFO] [stderr]   Downloaded couchbase v1.0.0-alpha.4
[INFO] [stderr]   Downloaded clap_derive v4.0.13
[INFO] [stderr]   Downloaded suffix v1.3.0
[INFO] [stderr]   Downloaded indicatif v0.17.1
[INFO] [stderr]   Downloaded aquamarine v0.1.12
[INFO] [stderr]   Downloaded teloxide v0.11.0
[INFO] [stderr]   Downloaded clap v4.0.14
[INFO] [stderr]   Downloaded couchbase-sys v1.0.0-alpha.4
[INFO] [stderr]   Downloaded teloxide-core v0.8.0
[INFO] running `Command { std: "docker" "create" "-v" "/var/lib/crater-agent-workspace/builds/worker-5-tc1/target:/opt/rustwide/target:rw,Z" "-v" "/var/lib/crater-agent-workspace/builds/worker-5-tc1/source:/opt/rustwide/workdir:ro,Z" "-v" "/var/lib/crater-agent-workspace/cargo-home:/opt/rustwide/cargo-home:ro,Z" "-v" "/var/lib/crater-agent-workspace/rustup-home:/opt/rustwide/rustup-home:ro,Z" "-e" "SOURCE_DIR=/opt/rustwide/workdir" "-e" "CARGO_TARGET_DIR=/opt/rustwide/target" "-e" "CARGO_HOME=/opt/rustwide/cargo-home" "-e" "RUSTUP_HOME=/opt/rustwide/rustup-home" "-w" "/opt/rustwide/workdir" "-m" "1610612736" "--user" "0:0" "--network" "none" "ghcr.io/rust-lang/crates-build-env/linux@sha256:19e73879b68f455e41552ea35293514db52ea292d993f571636dbffedb77a1ee" "/opt/rustwide/cargo-home/bin/cargo" "+9610dfe5a9a731ced1ea4923ecbd0c57fe367898" "metadata" "--no-deps" "--format-version=1", kill_on_drop: false }`
[INFO] [stdout] f3f4118ec39edf7b224a954c6701d8a73850095b9441655a08f7d847aff86d24
[INFO] running `Command { std: "docker" "start" "-a" "f3f4118ec39edf7b224a954c6701d8a73850095b9441655a08f7d847aff86d24", kill_on_drop: false }`
[INFO] running `Command { std: "docker" "inspect" "f3f4118ec39edf7b224a954c6701d8a73850095b9441655a08f7d847aff86d24", kill_on_drop: false }`
[INFO] running `Command { std: "docker" "rm" "-f" "f3f4118ec39edf7b224a954c6701d8a73850095b9441655a08f7d847aff86d24", kill_on_drop: false }`
[INFO] [stdout] f3f4118ec39edf7b224a954c6701d8a73850095b9441655a08f7d847aff86d24
[INFO] running `Command { std: "docker" "create" "-v" "/var/lib/crater-agent-workspace/builds/worker-5-tc1/target:/opt/rustwide/target:rw,Z" "-v" "/var/lib/crater-agent-workspace/builds/worker-5-tc1/source:/opt/rustwide/workdir:ro,Z" "-v" "/var/lib/crater-agent-workspace/cargo-home:/opt/rustwide/cargo-home:ro,Z" "-v" "/var/lib/crater-agent-workspace/rustup-home:/opt/rustwide/rustup-home:ro,Z" "-e" "SOURCE_DIR=/opt/rustwide/workdir" "-e" "CARGO_TARGET_DIR=/opt/rustwide/target" "-e" "CARGO_INCREMENTAL=0" "-e" "RUST_BACKTRACE=full" "-e" "RUSTFLAGS=--cap-lints=forbid" "-e" "RUSTDOCFLAGS=--cap-lints=forbid" "-e" "CARGO_HOME=/opt/rustwide/cargo-home" "-e" "RUSTUP_HOME=/opt/rustwide/rustup-home" "-w" "/opt/rustwide/workdir" "-m" "1610612736" "--user" "0:0" "--network" "none" "ghcr.io/rust-lang/crates-build-env/linux@sha256:19e73879b68f455e41552ea35293514db52ea292d993f571636dbffedb77a1ee" "/opt/rustwide/cargo-home/bin/cargo" "+9610dfe5a9a731ced1ea4923ecbd0c57fe367898" "check" "--frozen" "--all" "--all-targets" "--message-format=json", kill_on_drop: false }`
[INFO] [stdout] 212741ad13a7c0172369906dfc630a857f50deb181a2432b8d54960c0417b678
[INFO] running `Command { std: "docker" "start" "-a" "212741ad13a7c0172369906dfc630a857f50deb181a2432b8d54960c0417b678", kill_on_drop: false }`
[INFO] [stderr]    Compiling autocfg v1.1.0
[INFO] [stderr]    Compiling proc-macro2 v1.0.46
[INFO] [stderr]    Compiling quote v1.0.21
[INFO] [stderr]    Compiling unicode-ident v1.0.5
[INFO] [stderr]    Compiling syn v1.0.102
[INFO] [stderr]    Compiling libc v0.2.135
[INFO] [stderr]    Compiling memchr v2.5.0
[INFO] [stderr]    Compiling version_check v0.9.4
[INFO] [stderr]    Compiling log v0.4.17
[INFO] [stderr]    Compiling cc v1.0.73
[INFO] [stderr]    Compiling serde_derive v1.0.145
[INFO] [stderr]    Compiling serde v1.0.145
[INFO] [stderr]     Checking pin-project-lite v0.2.9
[INFO] [stderr]     Checking once_cell v1.15.0
[INFO] [stderr]    Compiling pkg-config v0.3.25
[INFO] [stderr]    Compiling futures-core v0.3.24
[INFO] [stderr]    Compiling num-traits v0.2.15
[INFO] [stderr]    Compiling slab v0.4.7
[INFO] [stderr]    Compiling futures-channel v0.3.24
[INFO] [stderr]     Checking futures-sink v0.3.24
[INFO] [stderr]    Compiling futures-task v0.3.24
[INFO] [stderr]     Checking itoa v1.0.4
[INFO] [stderr]     Checking bytes v1.2.1
[INFO] [stderr]     Checking fnv v1.0.7
[INFO] [stderr]    Compiling futures-util v0.3.24
[INFO] [stderr]    Compiling tokio v1.21.2
[INFO] [stderr]    Compiling num-integer v0.1.45
[INFO] [stderr]    Compiling proc-macro-error-attr v1.0.4
[INFO] [stderr]     Checking futures-io v0.3.24
[INFO] [stderr]     Checking pin-utils v0.1.0
[INFO] [stderr]     Checking ryu v1.0.11
[INFO] [stderr]    Compiling openssl-sys v0.9.76
[INFO] [stderr]     Checking mio v0.8.4
[INFO] [stderr]     Checking signal-hook-registry v1.4.0
[INFO] [stderr]     Checking socket2 v0.4.7
[INFO] [stderr]     Checking num_cpus v1.13.1
[INFO] [stderr]    Compiling proc-macro-error v1.0.4
[INFO] [stderr]    Compiling glob v0.3.0
[INFO] [stderr]    Compiling libloading v0.5.2
[INFO] [stderr]     Checking getrandom v0.2.7
[INFO] [stderr]    Compiling unicase v2.6.0
[INFO] [stderr]    Compiling nom v5.1.2
[INFO] [stderr]    Compiling clang-sys v0.29.3
[INFO] [stderr]     Checking tinyvec_macros v0.1.0
[INFO] [stderr]     Checking tinyvec v1.6.0
[INFO] [stderr]    Compiling aho-corasick v0.7.19
[INFO] [stderr]     Checking tracing-core v0.1.30
[INFO] [stderr]    Compiling indexmap v1.9.1
[INFO] [stderr]    Compiling quick-error v1.2.3
[INFO] [stderr]    Compiling heck v0.4.0
[INFO] [stderr]     Checking foreign-types-shared v0.1.1
[INFO] [stderr]    Compiling cfg-if v1.0.0
[INFO] [stderr]    Compiling regex-syntax v0.6.27
[INFO] [stderr]     Checking percent-encoding v2.2.0
[INFO] [stderr]    Compiling openssl v0.10.42
[INFO] [stderr]    Compiling serde_json v1.0.86
[INFO] [stderr]     Checking form_urlencoded v1.1.0
[INFO] [stderr]     Checking tracing v0.1.37
[INFO] [stderr]     Checking unicode-normalization v0.1.22
[INFO] [stderr]     Checking foreign-types v0.3.2
[INFO] [stderr]    Compiling humantime v1.3.0
[INFO] [stderr]    Compiling atty v0.2.14
[INFO] [stderr]     Checking http v0.2.8
[INFO] [stderr]     Checking itoa v0.4.8
[INFO] [stderr]     Checking unicode-bidi v0.3.8
[INFO] [stderr]    Compiling httparse v1.8.0
[INFO] [stderr]    Compiling native-tls v0.2.10
[INFO] [stderr]     Checking hashbrown v0.12.3
[INFO] [stderr]    Compiling termcolor v1.1.3
[INFO] [stderr]     Checking suffix v1.3.0
[INFO] [stderr]    Compiling bindgen v0.54.0
[INFO] [stderr]     Checking idna v0.3.0
[INFO] [stderr]    Compiling which v3.1.1
[INFO] [stderr]     Checking regex v1.6.0
[INFO] [stderr]     Checking uuid v1.2.1
[INFO] [stderr]    Compiling num-bigint v0.2.6
[INFO] [stderr]    Compiling bitflags v1.3.2
[INFO] [stderr]    Compiling cfg-if v0.1.10
[INFO] [stderr]     Checking openssl-probe v0.1.5
[INFO] [stderr]    Compiling lazy_static v1.4.0
[INFO] [stderr]    Compiling shlex v0.1.1
[INFO] [stderr]    Compiling cexpr v0.4.0
[INFO] [stderr]    Compiling strsim v0.10.0
[INFO] [stderr]    Compiling ident_case v1.0.1
[INFO] [stderr]    Compiling peeking_take_while v0.1.2
[INFO] [stderr]    Compiling lazycell v1.3.0
[INFO] [stderr]     Checking try-lock v0.2.3
[INFO] [stderr]    Compiling rustc-hash v1.1.0
[INFO] [stderr]     Checking want v0.3.0
[INFO] [stderr]    Compiling darling_core v0.13.4
[INFO] [stderr]    Compiling env_logger v0.7.1
[INFO] [stderr]    Compiling mime_guess v2.0.4
[INFO] [stderr]     Checking http-body v0.4.5
[INFO] [stderr]    Compiling num-iter v0.1.43
[INFO] [stderr]    Compiling num-complex v0.2.4
[INFO] [stderr]    Compiling erasable v1.2.1
[INFO] [stderr]    Compiling num-rational v0.2.4
[INFO] [stderr]     Checking tower-service v0.3.2
[INFO] [stderr]     Checking httpdate v1.0.2
[INFO] [stderr]     Checking humantime v2.1.0
[INFO] [stderr]    Compiling encoding_rs v0.8.31
[INFO] [stderr]     Checking env_logger v0.9.1
[INFO] [stderr]     Checking terminal_size v0.1.17
[INFO] [stderr]    Compiling crossbeam-utils v0.7.2
[INFO] [stderr]     Checking regex-automata v0.1.10
[INFO] [stderr]     Checking mime v0.3.16
[INFO] [stderr]     Checking unicode-width v0.1.10
[INFO] [stderr]    Compiling maybe-uninit v2.0.0
[INFO] [stderr]    Compiling thiserror v1.0.37
[INFO] [stderr]    Compiling doc-comment v0.3.3
[INFO] [stderr]     Checking os_str_bytes v6.3.0
[INFO] [stderr]     Checking scopeguard v1.1.0
[INFO] [stderr]     Checking clap_lex v0.3.0
[INFO] [stderr]     Checking console v0.15.2
[INFO] [stderr]     Checking csv-core v0.1.10
[INFO] [stderr]    Compiling either v1.8.0
[INFO] [stderr]    Compiling futures-macro v0.3.24
[INFO] [stderr]    Compiling tokio-macros v1.8.0
[INFO] [stderr]    Compiling openssl-macros v0.1.0
[INFO] [stderr]    Compiling darling_macro v0.13.4
[INFO] [stderr]    Compiling thiserror-impl v1.0.37
[INFO] [stderr]    Compiling darling v0.13.4
[INFO] [stderr]    Compiling clap_derive v4.0.13
[INFO] [stderr]    Compiling pin-project-internal v1.0.12
[INFO] [stderr]    Compiling convert_case v0.4.0
[INFO] [stderr]     Checking ipnet v2.5.0
[INFO] [stderr]     Checking base64 v0.13.0
[INFO] [stderr]     Checking number_prefix v0.4.0
[INFO] [stderr]    Compiling crc32fast v1.3.2
[INFO] [stderr]     Checking indicatif v0.17.1
[INFO] [stderr]     Checking pin-project v1.0.12
[INFO] [stderr]    Compiling derive_more v0.99.17
[INFO] [stderr]    Compiling serde_with_macros v1.5.2
[INFO] [stderr]     Checking num v0.2.1
[INFO] [stderr]     Checking clap v4.0.14
[INFO] [stderr]    Compiling itertools v0.9.0
[INFO] [stderr]    Compiling couchbase-sys v1.0.0-alpha.4
[INFO] [stderr]     Checking futures-executor v0.3.24
[INFO] [stderr]     Checking futures v0.3.24
[INFO] [stderr]    Compiling snafu-derive v0.6.10
[INFO] [stderr]     Checking tokio-util v0.7.4
[INFO] [stderr]     Checking tokio-native-tls v0.3.0
[INFO] [stderr]     Checking rc-box v1.2.0
[INFO] [stderr]     Checking chrono v0.4.22
[INFO] [stderr]    Compiling couchbase v1.0.0-alpha.4
[INFO] [stderr]     Checking h2 v0.3.14
[INFO] [stderr]     Checking dtoa v0.4.8
[INFO] [stderr]     Checking never v0.1.0
[INFO] [stderr]     Checking adler v1.0.2
[INFO] [stderr]     Checking dotenv v0.15.0
[INFO] [stderr]     Checking takecell v0.1.1
[INFO] [stderr]     Checking take_mut v0.2.2
[INFO] [stderr]     Checking byteorder v1.4.3
[INFO] [stderr]     Checking miniz_oxide v0.5.4
[INFO] [stderr]     Checking crossbeam-channel v0.4.4
[INFO] [stderr]     Checking cfb v0.7.3
[INFO] [stderr]    Compiling aquamarine v0.1.12
[INFO] [stderr]     Checking tokio-stream v0.1.11
[INFO] [stderr]     Checking dptree v0.3.0
[INFO] [stderr]     Checking parse_duration v2.1.1
[INFO] [stderr]     Checking snafu v0.6.10
[INFO] [stderr]    Compiling teloxide-macros v0.7.0
[INFO] [stderr]     Checking uuid v0.8.2
[INFO] [stderr]     Checking xattr v0.2.3
[INFO] [stderr]     Checking filetime v0.2.17
[INFO] [stderr]     Checking flate2 v1.0.24
[INFO] [stderr]     Checking infer v0.9.0
[INFO] [stderr]     Checking tar v0.4.38
[INFO] [stderr]     Checking hyper v0.14.20
[INFO] [stderr]     Checking url v2.3.1
[INFO] [stderr]     Checking lib v0.1.0 (/opt/rustwide/workdir/lib)
[INFO] [stderr]     Checking serde_urlencoded v0.7.1
[INFO] [stderr]     Checking bstr v0.2.17
[INFO] [stderr]     Checking envy v0.4.2
[INFO] [stderr]     Checking csv v1.1.6
[INFO] [stderr]     Checking serde_urlencoded v0.6.1
[INFO] [stderr]     Checking ctj v0.1.0 (/opt/rustwide/workdir/leaks_ctj)
[INFO] [stderr]     Checking indexer v0.1.0 (/opt/rustwide/workdir/leaks_indexer)
[INFO] [stderr]     Checking hyper-tls v0.5.0
[INFO] [stderr]     Checking reqwest v0.11.12
[INFO] [stderr]     Checking teloxide-core v0.8.0
[INFO] [stderr]     Checking teloxide v0.11.0
[INFO] [stderr]     Checking leaks_bot v0.1.0 (/opt/rustwide/workdir/leaks_bot)
[INFO] [stdout] error: `rename` attribute can only be applied to enums *variants*
[INFO] [stdout]   --> leaks_bot/src/main.rs:20:11
[INFO] [stdout]    |
[INFO] [stdout] 20 | #[command(rename = "lowercase", description = "These commands are supported:")]
[INFO] [stdout]    |           ^^^^^^^^^^^^^^^^^^^^
[INFO] [stdout] 
[INFO] [stdout] 
[INFO] [stdout] error: `rename` attribute can only be applied to enums *variants*
[INFO] [stdout]   --> leaks_bot/src/main.rs:20:11
[INFO] [stdout]    |
[INFO] [stdout] 20 | #[command(rename = "lowercase", description = "These commands are supported:")]
[INFO] [stdout]    |           ^^^^^^^^^^^^^^^^^^^^
[INFO] [stdout] 
[INFO] [stdout] 
[INFO] [stdout] warning: use of deprecated struct `teloxide::prelude::AutoSend`: `AutoSend` is no longer required to `.await` requests and is now noop
[INFO] [stdout]   --> leaks_bot/src/main.rs:31:11
[INFO] [stdout]    |
[INFO] [stdout] 31 |     bot: &AutoSend<Bot>,
[INFO] [stdout]    |           ^^^^^^^^
[INFO] [stdout]    |
[INFO] [stdout]    = note: `#[warn(deprecated)]` on by default
[INFO] [stdout] 
[INFO] [stdout] 
[INFO] [stdout] warning: use of deprecated struct `teloxide::prelude::AutoSend`: `AutoSend` is no longer required to `.await` requests and is now noop
[INFO] [stdout]   --> leaks_bot/src/main.rs:86:10
[INFO] [stdout]    |
[INFO] [stdout] 86 |     bot: AutoSend<Bot>,
[INFO] [stdout]    |          ^^^^^^^^
[INFO] [stdout] 
[INFO] [stdout] 
[INFO] [stdout] warning: use of deprecated struct `teloxide::prelude::AutoSend`: `AutoSend` is no longer required to `.await` requests and is now noop
[INFO] [stdout]   --> leaks_bot/src/main.rs:31:11
[INFO] [stdout]    |
[INFO] [stdout] 31 |     bot: &AutoSend<Bot>,
[INFO] [stdout]    |           ^^^^^^^^
[INFO] [stdout]    |
[INFO] [stdout]    = note: `#[warn(deprecated)]` on by default
[INFO] [stdout] 
[INFO] [stdout] 
[INFO] [stdout] warning: use of deprecated struct `teloxide::prelude::AutoSend`: `AutoSend` is no longer required to `.await` requests and is now noop
[INFO] [stdout]   --> leaks_bot/src/main.rs:86:10
[INFO] [stdout]    |
[INFO] [stdout] 86 |     bot: AutoSend<Bot>,
[INFO] [stdout]    |          ^^^^^^^^
[INFO] [stdout] 
[INFO] [stdout] 
[INFO] [stdout] error[E0599]: no variant or associated item named `descriptions` found for enum `Command` in the current scope
[INFO] [stdout]   --> leaks_bot/src/main.rs:93:52
[INFO] [stdout]    |
[INFO] [stdout] 21 | enum Command {
[INFO] [stdout]    | ------------ variant or associated item `descriptions` not found for this enum
[INFO] [stdout] ...
[INFO] [stdout] 93 |             bot.send_message(msg.chat.id, Command::descriptions().to_string())
[INFO] [stdout]    |                                                    ^^^^^^^^^^^^ variant or associated item not found in `Command`
[INFO] [stdout]    |
[INFO] [stdout]    = help: items from traits can only be used if the trait is implemented and in scope
[INFO] [stdout]    = note: the following trait defines an item `descriptions`, perhaps you need to implement it:
[INFO] [stdout]            candidate #1: `BotCommands`
[INFO] [stdout] 
[INFO] [stdout] 
[INFO] [stdout] error[E0277]: the trait bound `Command: BotCommands` is not satisfied
[INFO] [stdout]    --> leaks_bot/src/main.rs:107:31
[INFO] [stdout]     |
[INFO] [stdout] 107 |             .filter_command::<Command>()
[INFO] [stdout]     |                               ^^^^^^^ the trait `BotCommands` is not implemented for `Command`
[INFO] [stdout]     |
[INFO] [stdout] note: required by a bound in `teloxide::dispatching::HandlerExt::filter_command`
[INFO] [stdout]    --> /opt/rustwide/cargo-home/registry/src/index.crates.io-6f17d22bba15001f/teloxide-0.11.0/src/dispatching/handler_ext.rs:24:12
[INFO] [stdout]     |
[INFO] [stdout] 22  |     fn filter_command<C>(self) -> Self
[INFO] [stdout]     |        -------------- required by a bound in this associated function
[INFO] [stdout] 23  |     where
[INFO] [stdout] 24  |         C: BotCommands + Send + Sync + 'static;
[INFO] [stdout]     |            ^^^^^^^^^^^ required by this bound in `HandlerExt::filter_command`
[INFO] [stdout] 
[INFO] [stdout] 
[INFO] [stdout] warning: use of deprecated method `teloxide::prelude::RequesterExt::auto_send`: `AutoSend` is no longer required to `.await` requests and is now noop
[INFO] [stdout]    --> leaks_bot/src/main.rs:137:31
[INFO] [stdout]     |
[INFO] [stdout] 137 |     let bot = Bot::from_env().auto_send();
[INFO] [stdout]     |                               ^^^^^^^^^
[INFO] [stdout] 
[INFO] [stdout] 
[INFO] [stdout] warning: use of deprecated method `teloxide::dispatching::Dispatcher::<R, Err, Key>::setup_ctrlc_handler`: use `enable_ctrlc_handler` on builder instead
[INFO] [stdout]    --> leaks_bot/src/main.rs:141:10
[INFO] [stdout]     |
[INFO] [stdout] 141 |         .setup_ctrlc_handler()
[INFO] [stdout]     |          ^^^^^^^^^^^^^^^^^^^
[INFO] [stdout] 
[INFO] [stdout] 
[INFO] [stdout] error[E0599]: no variant or associated item named `descriptions` found for enum `Command` in the current scope
[INFO] [stdout]   --> leaks_bot/src/main.rs:93:52
[INFO] [stdout]    |
[INFO] [stdout] 21 | enum Command {
[INFO] [stdout]    | ------------ variant or associated item `descriptions` not found for this enum
[INFO] [stdout] ...
[INFO] [stdout] 93 |             bot.send_message(msg.chat.id, Command::descriptions().to_string())
[INFO] [stdout]    |                                                    ^^^^^^^^^^^^ variant or associated item not found in `Command`
[INFO] [stdout]    |
[INFO] [stdout]    = help: items from traits can only be used if the trait is implemented and in scope
[INFO] [stdout]    = note: the following trait defines an item `descriptions`, perhaps you need to implement it:
[INFO] [stdout]            candidate #1: `BotCommands`
[INFO] [stdout] 
[INFO] [stdout] 
[INFO] [stdout] error: aborting due to 3 previous errors; 4 warnings emitted
[INFO] [stdout] 
[INFO] [stdout] 
[INFO] [stdout] Some errors have detailed explanations: E0277, E0599.
[INFO] [stdout] 
[INFO] [stdout] For more information about an error, try `rustc --explain E0277`.
[INFO] [stdout] 
[INFO] [stderr] error: could not compile `leaks_bot` (bin "leaks_bot") due to 4 previous errors; 4 warnings emitted
[INFO] [stderr] warning: build failed, waiting for other jobs to finish...
[INFO] [stdout] error[E0277]: the trait bound `Command: BotCommands` is not satisfied
[INFO] [stdout]    --> leaks_bot/src/main.rs:107:31
[INFO] [stdout]     |
[INFO] [stdout] 107 |             .filter_command::<Command>()
[INFO] [stdout]     |                               ^^^^^^^ the trait `BotCommands` is not implemented for `Command`
[INFO] [stdout]     |
[INFO] [stdout] note: required by a bound in `teloxide::dispatching::HandlerExt::filter_command`
[INFO] [stdout]    --> /opt/rustwide/cargo-home/registry/src/index.crates.io-6f17d22bba15001f/teloxide-0.11.0/src/dispatching/handler_ext.rs:24:12
[INFO] [stdout]     |
[INFO] [stdout] 22  |     fn filter_command<C>(self) -> Self
[INFO] [stdout]     |        -------------- required by a bound in this associated function
[INFO] [stdout] 23  |     where
[INFO] [stdout] 24  |         C: BotCommands + Send + Sync + 'static;
[INFO] [stdout]     |            ^^^^^^^^^^^ required by this bound in `HandlerExt::filter_command`
[INFO] [stdout] 
[INFO] [stdout] 
[INFO] [stdout] warning: use of deprecated method `teloxide::prelude::RequesterExt::auto_send`: `AutoSend` is no longer required to `.await` requests and is now noop
[INFO] [stdout]    --> leaks_bot/src/main.rs:137:31
[INFO] [stdout]     |
[INFO] [stdout] 137 |     let bot = Bot::from_env().auto_send();
[INFO] [stdout]     |                               ^^^^^^^^^
[INFO] [stdout] 
[INFO] [stdout] 
[INFO] [stdout] warning: use of deprecated method `teloxide::dispatching::Dispatcher::<R, Err, Key>::setup_ctrlc_handler`: use `enable_ctrlc_handler` on builder instead
[INFO] [stdout]    --> leaks_bot/src/main.rs:141:10
[INFO] [stdout]     |
[INFO] [stdout] 141 |         .setup_ctrlc_handler()
[INFO] [stdout]     |          ^^^^^^^^^^^^^^^^^^^
[INFO] [stdout] 
[INFO] [stdout] 
[INFO] [stdout] error: aborting due to 3 previous errors; 4 warnings emitted
[INFO] [stdout] 
[INFO] [stdout] 
[INFO] [stdout] Some errors have detailed explanations: E0277, E0599.
[INFO] [stdout] 
[INFO] [stdout] For more information about an error, try `rustc --explain E0277`.
[INFO] [stdout] 
[INFO] [stderr] error: could not compile `leaks_bot` (bin "leaks_bot" test) due to 4 previous errors; 4 warnings emitted
[INFO] running `Command { std: "docker" "inspect" "212741ad13a7c0172369906dfc630a857f50deb181a2432b8d54960c0417b678", kill_on_drop: false }`
[INFO] running `Command { std: "docker" "rm" "-f" "212741ad13a7c0172369906dfc630a857f50deb181a2432b8d54960c0417b678", kill_on_drop: false }`
[INFO] [stdout] 212741ad13a7c0172369906dfc630a857f50deb181a2432b8d54960c0417b678
